18. Let h = m + 458. What are the prime factors of h?
3, 149
Suppose 85*d - 92*d = -28. Suppose 0 = 2*p + 3*p. Suppose 159 = 2*o + o - 2*f, p = 5*o - d*f - 267. List the prime factors of o.
3, 17
Suppose 0 = -3*c - 12, 4*v - 2*c - 10 = 30. What are the prime factors of 6 - -523 - (v + -5)?
2, 263
Suppose 5*a + 2594 = -736. What are the prime factors of a/(-1)*(-7 - (-23)/3)?
2, 3, 37
What are the prime factors of (-220)/(-1430) - ((-283281)/26)/(2/4)?
7, 11, 283
Let k be (-7 - -9)/(-2) - (3 - 4). Suppose 35*v - 3713 - 1817 = k. List the prime factors of v.
2, 79
Let v(k) = 4*k**2 + 23*k - 12. Let u(y) = 9*y**2 + 47*y - 25. Let d(j) = -6*u(j) + 13*v(j). Let l be (-40)/(-6) + 3/9. What are the prime factors of d(l)?
3, 5
Suppose 52*t + 264579 + 1262016 = 207*t. List the prime factors of t.
3, 7, 67
Let b(z) = 21*z**2 + 190*z + 1235. What are the prime factors of b(-48)?
40499
Suppose -2*x + 34 = s, -x + 2 - 3 = 0. Suppose -s - 264 = -6*r. What are the prime factors of r?
2, 5
Let a(h) = -2*h**2 - 26*h + 4. Let b be a(-13). Suppose b*i - 59 = 437. List the prime factors of i.
2, 31
Let n(j) = j**3 - 14*j**2 - 24*j - 8. Let r be n(18). Suppose 4*h - r = -3*u, -h = 4*u - 5*h - 1160. What are the prime factors of u?
2, 3
Suppose 3*h = 12 - 6. Suppose 610 = h*v - 34. What are the prime factors of v?
2, 7, 23
Let r(v) = -3434*v + 8966. List the prime factors of r(-8).
2, 3, 6073
Suppose -25*g + 21*g = 44. Let z(k) = -26*k - 10. What are the prime factors of z(g)?
2, 3, 23
Suppose 5*r + 20684 = 3*c - 0*c, -5*r - 27587 = -4*c. List the prime factors of c.
3, 13, 59
Let g(w) = 19*w**2 - 93*w - 8. Let z = 185 + -177. List the prime factors of g(z).
2, 29
Let r = -26 - -41. Let i(q) = q**2 + 14*q - 39. Let u be i(-17). Suppose 246 = -u*a + r*a. List the prime factors of a.
2, 41
Let b = 31348 + -14750. What are the prime factors of b?
2, 43, 193
Suppose 5*a + 20*g - 166554 = 16*g, -a + 33312 = g. List the prime factors of a.
2, 3, 7, 13, 61
Suppose -961724 = 33*s - 101*s. What are the prime factors of s?
14143
Let u = 8309 - 3506. What are the prime factors of u?
3, 1601
What are the prime factors of ((-10362)/(-18))/(-17 + 10 + (-211)/(-30))?
2, 5, 11, 157
Suppose x - 4*t - 48 = 3*x, 5*x + 81 = 3*t. Let l be 91*9*x/(-27). Suppose 11*u = 4*u + l. What are the prime factors of u?
2, 3, 13
What are the prime factors of 55/11*(-30084)/(-20)?
3, 23, 109
Suppose 0 = 4*a + 5*j - 43664, 5338 - 38048 = -3*a + j. What are the prime factors of a?
2, 7, 19, 41
Let f(y) = 4*y**2 + 7*y - 5. Let q(d) = d**3 - 4*d**2 + d. Suppose 2*p = -p + 5*m + 27, 0 = -p + 4*m + 16. Let r be q(p). What are the prime factors of f(r)?
3, 29
Let c be 0/(-80)*((-4)/3 - -1). Suppose -5*h + 169 + 51 = c. What are the prime factors of h?
2, 11
Let t(k) = 523*k**2 - 191*k - 79. List the prime factors of t(-7).
5, 19, 283
Let n(z) = -6*z + 28. Let y be n(0). Let b = -24 + y. Suppose 4*t + b*w = 2*t + 136, -3*w + 201 = 3*t. List the prime factors of t.
2, 3, 11
Let g be (4/(-2) + 2)/(-2). Suppose 5*d + 20 = -g*d, 2*j = -3*d + 16. Let z(u) = -u**3 + 14*u**2 + 3*u - 14. List the prime factors of z(j).
2, 7
Let p(w) = -w + 15. Let z(j) = 240. Let a(r) = -14. Let m(l) = -104*a(l) - 6*z(l). Let n(v) = -5*m(v) + 6*p(v). List the prime factors of n(-7).
2, 13
Suppose -20*i + 7*i + 234 = 0. Suppose 0 = -i*f - 1621 + 13231. List the prime factors of f.
3, 5, 43
Let i(g) = 4*g**2 - 16*g + 6. Let k be i(4). Let v(n) = -5*n**2 + 16*n - 3. Let b be v(k). Let d = b + 107. List the prime factors of d.
2, 5
Suppose -3 = -0*l + 3*l - 3*f, 2*l - f = -4. Let q be 3*(0 + 5/l + 2). What are the prime factors of (-3 - 118/(-4))/(q/2)?
53
Let b be (-2)/(-6) - 1545/(-9). Suppose 17*s + 9 = 94. What are the prime factors of b/s - (-8)/(-20)?
2, 17
Let z(m) = -m**2 + 30*m - 38. Let q be z(29). List the prime factors of 179 - (14/18 + (-2)/q).
2, 89
Suppose 23953 = -41*t - 29*t + 770153. List the prime factors of t.
2, 5, 13, 41
Suppose -228 - 96 = -2*b - 2*h, -2*h = -b + 156. Let z = b - -66. What are the prime factors of z?
2, 113
What are the prime factors of 172188/10 + (-3)/(-15)?
67, 257
List the prime factors of ((9576/20)/7)/((-24)/1980)*-1.
3, 11, 19
Let c(w) = -18 + 5*w - 16*w - 5*w**2 - 73*w. What are the prime factors of c(-14)?
2, 89
Suppose -7 = -i + 4*a + 4, -2*a - 13 = -3*i. Suppose 3*v = i + 9. List the prime factors of (-71*4)/(-2 + (v - 4)).
2, 71
Let a = -11 + 19. Suppose -6*y = -h - y + 8, 3*y = -h + a. List the prime factors of 2*(h + 34 + 1*-1).
2, 41
Suppose -204*j + 841581 + 991059 = 560700. What are the prime factors of j?
5, 29, 43
List the prime factors of 1484/(-318) - (-86530)/6.
13, 1109
Suppose -198*y - 84778 = -221*y. List the prime factors of y.
2, 19, 97
Suppose 0 = -q, -3*j + q = -6 - 6. Suppose 4*t = -t + 2*p + 1520, -3*t + 898 = -j*p. List the prime factors of t.
2, 3, 17
Suppose -7*b = -2*b + 5*r - 50, -5 = b - 4*r. Suppose 11 + b = 6*j. Let c = 78 + j. List the prime factors of c.
3
Let c(z) = 32*z**2 - 3*z - 2. Let a be c(6). Suppose 0 = 5*d - 3*u - 5711, 4*u + a = 3*d - 2*d. What are the prime factors of d?
2, 11, 13
Let o = 435 + -420. Let i(b) = -22 - 7 + 21*b - 2*b**2 + b**2. List the prime factors of i(o).
61
Suppose -6*m - 54 = -4086. Suppose 0 = -13*v + 9*v + m. Let u = v + -70. List the prime factors of u.
2, 7
Suppose 1690423 + 1135884 = 209*b. List the prime factors of b.
13523
Suppose -3*k = -109 + 4. Suppose -4*x + 8 = -12, 5*h - 2*x = -k. Let y(m) = -19*m + 9. List the prime factors of y(h).
2, 13
Let g(u) be the first derivative of -u**5/60 - 2*u**4/3 - 5*u**3/6 - 2*u**2 - 3. Let f(y) be the second derivative of g(y). List the prime factors of f(-14).
23
Let p be 1/(-6) + 3/(72/6892). Suppose 288*m = p*m + 360. What are the prime factors of m?
2, 3, 5
Let y = 29988 + -7868. What are the prime factors of y?
2, 5, 7, 79
Let p(r) = -r**2 + 18*r - 61. Let w be p(13). Suppose -5*m + 10*m + 549 = 3*i, -w*m - 364 = -2*i. What are the prime factors of i?
2, 47
Suppose 0 = 4*s - s + 7*s. Suppose 0 = 7*r - s*r - 49. Suppose -r*h + 161 = -6*h. What are the prime factors of h?
7, 23
Let b(o) = 30*o**2 - 9*o + 9. Suppose -25*c = -30 - 70. List the prime factors of b(c).
3, 151
Suppose -6*q - 18*q - 26*q + 939500 = 0. List the prime factors of q.
2, 5, 1879
What are the prime factors of (-34097)/(-1) + 290 + -271?
2, 3, 2843
Let x = -4 + 9. Let s be (-13)/(-5) + 2/x. Suppose s*n = 6*n - 75. List the prime factors of n.
5
Let r(w) = w**2 - 9*w + 9. Let a be r(8). Let i be (9 + a)*((-68)/(-8) + -3). Let s = 165 - i. What are the prime factors of s?
2, 5, 11
Suppose 4*h - 20 = 0, -219*i + 222*i - 2*h = 166718. List the prime factors of i.
2, 6947
List the prime factors of (34098 - 17) + -16 + 9.
2, 3, 631
Suppose 2*v = -2*j + 15978, v + 10855 = j + 2860. What are the prime factors of j?
2, 3, 37
Let q(w) = -1779*w - 2149. List the prime factors of q(-7).
2, 7, 23
Let n(w) = 529*w**2 + 169*w - 1504. What are the prime factors of n(10)?
2, 11, 19, 127
Suppose -2*h = 3*h - 440. Let n(l) = 17*l**3 - 2*l**2 + 8*l - 12. Let q be n(2). Let g = q - h. List the prime factors of g.
2, 11
Let n(b) = 66*b - 110. What are the prime factors of n(15)?
2, 5, 11
Suppose 4*h + 144 = 4*m, -h = 5*m + h - 208. Suppose 2*r + 98 = -m. Let j = 12 - r. What are the prime factors of j?
3
Let t = -6044 - -30229. List the prime factors of t.
5, 7, 691
Let m = -302 - -306. Suppose -21*z = -m*z - 2482. List the prime factors of z.
2, 73
Let d be ((-36)/(-15))/2*265. Let y = -20 + d. What are the prime factors of y?
2, 149
List the prime factors of 16/12*(-1161063)/(-46).
2, 3, 71, 79
Suppose -2*w = 2*z + 28, 0 = 4*z + 25*w - 24*w + 44. List the prime factors of (-20636)/(-52) - z/65.
397
Let g(r) = 1020*r - 34. Let a be g(10). Suppose 29*x - 12*x = a. What are the prime factors of x?
2, 13, 23
Suppose -6*f + 75894 = 3*u, -25*f + 27*f + 126478 = 5*u. List the prime factors of u.
2, 3, 17, 31
Let c = -100 + 164. Suppose -10*p + c = -6*p. Suppose 0 = -13*u + p*u - 480. List the prime factors of u.
2, 5
Suppose 0 = -5*w - 31*w + 72. Suppose -w*i + 27 = -435. What are the prime factors of i?
3, 7, 11
Suppose 2*y - 17662 = 33763 + 4259. What are the prime factors of y?
2, 13921
Let f be 90/21 - ((-16)/14)/(-4). Su